te the remainder when 22 is divided by m/(-4) - (-9)/12.
3
Let r be (20/(-30))/((-4)/30). Suppose 13 = -2*k - 2*k - 5*h, 7 = -k - r*h. Let a = 4 + k. What is the remainder when a is divided by 2?
0
Suppose -4*c + 73 = 5*v, 1 = -v + 2. Let t be (1 - 23)*(-3)/6. Suppose i - 3*r = t, -4*i + 2*r + 56 = 12. What is the remainder when c is divided by i?
6
Let g = -311 - -403. Calculate the remainder when g is divided by 34.
24
Let u = -106 - -130. Calculate the remainder when u is divided by 5.
4
Suppose 5*k - 4*m = -107, 0 = -5*k + 3*k - 3*m - 29. Let r = -1 - k. Calculate the remainder when r is divided by 7.
4
Let o(g) = g**3 - 2*g**2 - 18*g + 29. Calculate the remainder when 61 is divided by o(5).
5
Suppose -48*v + 1548 = -36*v. Calculate the remainder when v is divided by 26.
25
Suppose 0*i = 8*i - 264. Calculate the remainder when -1 - -66 - (1 - 0) is divided by i.
31
Suppose -q + 8 = -3*q, -q = 5*c - 11. Suppose 5*p - 24 = 2*u + 28, c*u - 7 = -p. What is the remainder when 17 is divided by p?
7
Suppose 6*c - c = 50. Let u(z) = -3*z**3 + z**2 - z. Let d be u(1). Calculate the remainder when (-14)/(0 + (3/2)/d) is divided by c.
8
Let h(d) = -2*d - 24. Let z be h(-14). Suppose 0 = 4*q, 0*s - z*q + 31 = s. Calculate the remainder when (-361)/(-4) - (-1)/(-4) is divided by s.
28
Suppose m - 2*m + 3 = 2*b, 12 = b - 3*m. Suppose -155 = z - 6*z - 5*u, z = b*u + 23. Suppose -z = -5*w + 56. Calculate the remainder when w is divided by 10.
7
Suppose 0 = 4*f - 3*h - 52, -3*f - 2*h = 2*h - 14. Suppose -3*a = -16 + f. Let m(c) = c**2 + 8*c - 6. Calculate the remainder when m(-9) is divided by a.
1
Suppose -9*n + 81 + 0 = 0. Suppose t + 2*g - 11 = 0, -g = -n*t + 7*t + 12. Calculate the remainder when 62 is divided by t.
6
Suppose 809*u - 823*u + 3010 = 0. What is the remainder when u is divided by 46?
31
Suppose 2*a + 4*o - 312 = 360, 0 = -a - 3*o + 341. What is the remainder when a is divided by 83?
77
Suppose -2*x = -4*n - 30, -n - 7 - 58 = -3*x. Calculate the remainder when x is divided by 8.
7
Let c = 229 - 49. Suppose -8 = -z + c. What is the remainder when z is divided by 38?
36
Suppose -4*n - n = 0. Let f(t) = 16*t + 7*t - 6 + n*t**2 - t**2. What is the remainder when f(16) is divided by 27?
25
Let f(n) be the second derivative of -n**5/20 + 4*n**4/3 + n**3/6 + 13*n**2/2 + 5*n - 2. Calculate the remainder when f(15) is divided by 32.
29
Let m(s) = 15*s - 7. Suppose -3*i + 2*g = 22, 2*i - 3*g = 7*i + 24. What is the remainder when m(3) is divided by (8 + i)/((-2)/(-10))?
8
Let g be 5 + -3 - (1 - 1). What is the remainder when 14 is divided by g/(-5) + (-44)/(-10)?
2
Let g = 15 - -7. Suppose -g - 6 = 4*j. Let s = 12 + j. Calculate the remainder when 9 is divided by s.
4
Let g be 4 + -5 + 3 + 0 + -71. Let t = 30 - g. What is the remainder when t is divided by 17?
14
Suppose 14 = -g + 34. Let z be (4 + (-4 - 37))*(-1)/1. Let b = 22 + z. What is the remainder when b is divided by g?
19
What is the remainder when 30 is divided by 190/285 - (-67)/3?
7
Suppose -3*c = 2*b - b - 100, 106 = 3*c - 2*b. Suppose -75*x + 92*x - 2295 = 0. Calculate the remainder when x is divided by c.
33
Suppose 10 = 2*c, 3*z - 3*c = -0*z + 270. Calculate the remainder when z is divided by 19.
0
Let c(r) = -3*r**2 + 6*r + 4. Let j(d) = d - 1. Let n(m) = -c(m) - 6*j(m). Calculate the remainder when 47 is divided by n(5).
13
Suppose 0 = -2*d + 11 - 1. Suppose 2*c + 38 = 3*z - 2*c, d*z - 5*c - 55 = 0. Suppose -30 = -11*a + z*a. Calculate the remainder when 11 is divided by a.
5
Calculate the remainder when -63*(-40)/(-12)*4/(-20) is divided by 29.
13
Suppose -r - 27 = -57. What is the remainder when 48 is divided by r?
18
Let c = -18 + 26. Let b be (10/3)/(c/48). Calculate the remainder when (23/2)/(2/b) is divided by 29.
28
Suppose n = 5*v - 17, 3*v - 14 = -2*n + v. Suppose 106 = -7*d + 9*d. Calculate the remainder when (-3)/5 - d/(-5) is divided by n.
1
Suppose 24*y - 18*y - 312 = 0. What is the remainder when y is divided by 30?
22
Let y be (2/1)/(12/(-264)) - 4. What is the remainder when 5 is divided by 6 - (y/(-40))/((-4)/(-10))?
2
Suppose -3*f = -2*o - 3*o - 370, 5*o + 5*f + 410 = 0. Let x = 142 + o. Calculate the remainder when x is divided by 14.
9
Suppose 2*l + 10*l = 132. Calculate the remainder when 120 is divided by l.
10
Suppose -30 - 10 = -8*z. Suppose -p = 5*j + 14 - 97, -3*j = -z*p - 61. Calculate the remainder when 62 is divided by j.
11
Let l(d) = d**2 - 4*d + 3. Let y be l(5). Let o(p) = -204 + 2*p + 8*p**2 + 205 + 6*p - p**3. What is the remainder when o(y) is divided by 22?
21
Suppose 2*q - 10 = -4*l, q + 3 = -l + 4. What is the remainder when 38 is divided by l?
2
Suppose 2*m - 6*m + 96 = 0. Let p = m + -21. Suppose -p*j + 102 = -j. What is the remainder when j is divided by 18?
15
Suppose -7*l = -3*l - 324. Suppose -r = l - 109. Calculate the remainder when r is divided by 16.
12
Let c = -1174 - -2040. Calculate the remainder when c is divided by 14.
12
Let k(s) = -s**2 + 7*s - 2. Let z(t) = 74*t + 451. Calculate the remainder when z(-6) is divided by k(6).
3
Suppose -4*w = -2*t - 94, -2*w - 4*t + 0*t = -22. Let j(a) = 20*a + 2. Let g be j(6). Suppose -2*p = -4*p + g. What is the remainder when p is divided by w?
19
Let t(v) = v**2 - 2*v - 2. Let p be t(-3). Let o = p + 6. Let c = -143 - -217. What is the remainder when c is divided by o?
17
Let m = -32 + 33. Calculate the remainder when 58 is divided by (m - 5) + 38/2.
13
Suppose 2*f = -3*f + 65. Let r(m) = -m**2 + 20*m - 15. Let p be r(15). Suppose l + p = 7*l. What is the remainder when f is divided by l?
3
Let f(x) = 2*x. Let d be f(-3). Calculate the remainder when (1 - -24)/(((-24)/d)/8) is divided by 11.
6
Suppose 2*o - 4 - 24 = 0. Let x = -8 + o. Calculate the remainder when (-16)/72 + 5852/171 is divided by x.
4
Let n(x) = -6*x + 334. Calculate the remainder when 502 is divided by n(52).
18
Let o(u) = 2*u**3 - 5*u**2 + u + 9. Let a(b) = -b**3 + 7*b**2 - 3*b + 8. Calculate the remainder when o(4) is divided by a(6).
9
What is the remainder when (1464/(-64)*2)/(12/(-16)) is divided by 10?
1
Let t(v) = -v**2 + 12*v + 8. Let q be t(10). Suppose -5*z + q = -62. Let f = -5 + z. What is the remainder when f is divided by 7?
6
Suppose -208 = -5*x + 42. What is the remainder when 177 is divided by x?
27
Let g = -11 - -14. Let a(k) = -k**3 + 8*k**2 - 5*k - 8. Let d be a(7). What is the remainder when (3/d)/(-1)*-14 is divided by g?
1
Let z be (-94)/(-5) - 2/(-10). Suppose z - 44 = -4*v - 5*c, -5*c = -2*v + 5. Let h = 14 + -7. Calculate the remainder when h is divided by v.
2
Suppose 111 = 8*z - 9*z. Let u = -67 - z. What is the remainder when 173 is divided by u?
41
Let o(m) = -92*m + 1225. What is the remainder when o(7) is divided by 28?
21
Suppose 3*l - w - 136 = 0, -6*w - 138 = -3*l - 3*w. Let k be (48/(-40))/((-1)/l). Suppose -2*c + k = -0*c. Calculate the remainder when c is divided by 7.
6
What is the remainder when 185 is divided by 66/297 + (-1166)/(-18) + -2?
59
Suppose 19 + 11 = -6*a. Let z be a/15 + (-8)/3. What is the remainder when (z - -4)*(2 - -71) is divided by 19?
16
Let l(u) = -102*u + 1. Suppose -2*q - c = 3*q - 25, 4*q = -3*c + 31. Let w be l(q). Calculate the remainder when (-4)/1*w/44 is divided by 19.
18
Let p(f) = 12*f**2 + 43*f + 86. What is the remainder when 191 is divided by p(-2)?
47
Suppose -110*w = -101*w - 180. Suppose 44 + 73 = g. What is the remainder when g is divided by w?
17
Let s = 258 - 177. Suppose -2*i + 108 = 2*i + 5*f, 3*i = f + s. What is the remainder when 215 is divided by i?
26
Let g = -692 - -982. Calculate the remainder when g is divided by 37.
31
Suppose 0*c - 2*c + 50 = 0. Suppose -5*h + 18 = -47. Calculate the remainder when c is divided by h.
12
Suppose 4*w - 17 = 83. Let d = w + -2. What is the remainder when d is divided by 8?
7
Let r be (-6)/(-12) + 6/4. Suppose 4*w - 26 = r*w. What is the remainder when 50 is divided by w?
11
Let u be (3 - 0 - -90) + 1. Let s = u - 70. What is the remainder when 94 is divided by s?
22
Suppose -a - u + 8 + 18 = 0, -2*u - 68 = -3*a. Let p = -111 - -157. What is the remainder when p is divided by a?
22
Let d = 317 + -198. Suppose 0 = 3*q + 4*p - 76, -3*p - d = -5*q - 2*p. Calculate the remainder when 86 is divided by q